323?
17
What is the remainder when 511957 is divided by 2170?
2007
Calculate the remainder when 271740125 is divided by 19.
16
What is the remainder when 3605055 is divided by 3605030?
25
What is the remainder when 564269 is divided by 46894?
1541
Calculate the remainder when 42889420 is divided by 6547.
23
What is the remainder when 258831 is divided by 2562?
69
What is the remainder when 547375 is divided by 169?
153
Calculate the remainder when 333434068 is divided by 10.
8
What is the remainder when 385240 is divided by 168?
16
Calculate the remainder when 18960954 is divided by 1415.
1369
What is the remainder when 255833 is divided by 2368?
89
Calculate the remainder when 387647 is divided by 1589.
1520
What is the remainder when 1225501 is divided by 8?
5
What is the remainder when 745831 is divided by 9207?
64
Calculate the remainder when 941514 is divided by 156917.
12
Calculate the remainder when 1973941 is divided by 925.
916
What is the remainder when 982671 is divided by 2265?
1926
Calculate the remainder when 2324985 is divided by 258236.
861
What is the remainder when 123706 is divided by 8611?
3152
Calculate the remainder when 760980786 is divided by 927.
924
Calculate the remainder when 523220 is divided by 2186.
766
What is the remainder when 124021 is divided by 8268?
1
Calculate the remainder when 104933 is divided by 3279.
5
Calculate the remainder when 636992 is divided by 74.
0
What is the remainder when 2555589 is divided by 12907?
3
Calculate the remainder when 15855270 is divided by 33.
24
What is the remainder when 43776 is divided by 43770?
6
Calculate the remainder when 61256 is divided by 5103.
20
Calculate the remainder when 9213445 is divided by 2781.
2773
What is the remainder when 49288995 is divided by 6402?
6399
What is the remainder when 10530 is divided by 4759?
1012
What is the remainder when 536063 is divided by 534796?
1267
What is the remainder when 23524626 is divided by 47?
45
What is the remainder when 7420630 is divided by 167?
152
What is the remainder when 1954003 is divided by 7291?
15
What is the remainder when 23654292 is divided by 26?
12
Calculate the remainder when 155153 is divided by 37.
12
What is the remainder when 600072078 is divided by 150018019?
2
Calculate the remainder when 6723370 is divided by 5383.
3
What is the remainder when 3300469 is divided by 394?
325
Calculate the remainder when 69886 is divided by 634.
146
What is the remainder when 26305 is divided by 3636?
853
What is the remainder when 532116 is divided by 1301?
7
What is the remainder when 7148627 is divided by 32?
19
Calculate the remainder when 4305 is divided by 865.
845
Calculate the remainder when 360701 is divided by 1459.
328
What is the remainder when 305500833 is divided by 238?
225
Calculate the remainder when 10352069 is divided by 18.
17
What is the remainder when 270708 is divided by 12276?
636
What is the remainder when 4878436 is divided by 1626109?
109
Calculate the remainder when 43588362 is divided by 4841.
4839
What is the remainder when 9653388 is divided by 4739?
45
Calculate the remainder when 2662640 is divided by 1331115.
410
Calculate the remainder when 1084953 is divided by 47162.
227
What is the remainder when 2002660 is divided by 51350?
10
What is the remainder when 2519257 is divided by 629769?
181
What is the remainder when 3805406 is divided by 2?
0
Calculate the remainder when 167628 is divided by 16732.
308
Calculate the remainder when 4924873 is divided by 46461.
7
What is the remainder when 221754 is divided by 54374?
4258
What is the remainder when 27363906 is divided by 4033?
1
What is the remainder when 2487159 is divided by 276343?
72
Calculate the remainder when 14284385 is divided by 1020307.
87
Calculate the remainder when 480806 is divided by 25289.
315
What is the remainder when 621606 is divided by 3047?
18
What is the remainder when 57683123 is divided by 44440?
3
What is the remainder when 34248478 is divided by 560?
558
What is the remainder when 285211 is divided by 7493?
477
Calculate the remainder when 15489759 is divided by 387.
84
What is the remainder when 122270 is divided by 61087?
96
Calculate the remainder when 777953 is divided by 86435.
38
Calculate the remainder when 7509 is divided by 249.
39
What is the remainder when 1240576 is divided by 980?
876
Calculate the remainder when 49423 is divided by 5419.
652
What is the remainder when 2454126 is divided by 545?
536
Calculate the remainder when 6135 is divided by 514.
481
What is the remainder when 14707 is divided by 2905?
182
What is the remainder when 29419627 is divided by 6110?
6087
What is the remainder when 671761 is divided by 3127?
2583
Calculate the remainder when 26496 is divided by 2196.
144
Calculate the remainder when 16900762 is divided by 1015.
1012
Calculate the remainder when 546232 is divided by 1150.
1132
What is the remainder when 21224 is divided by 1744?
296
Calculate the remainder when 1554720 is divided by 790.
0
Calculate the remainder when 106348 is divided by 3461.
2518
Calculate the remainder when 1722786 is divided by 3378.
6
What is the remainder when 4413 is divided by 987?
465
Calculate the remainder when 510264450 is divided by 38.
32
What is the remainder when 2842780 is divided by 25?
5
Calculate the remainder when 202822 is divided by 15590.
152
What is the remainder when 3165565 is divided by 11638?
29
What is the remainder when 53321 is divided by 17140?
1901
Calculate the remainder when 813887 is divided by 32553.
62
What is the remainder when 441498 is divided by 1623?
42
Calculate the remainder when 230670448 is divided by 3519.
3517
What is the remainder when 49549 is divided by 7?
3
Calculate the remainder when 1333494 is divided by 332447.
3706
Calculate the remainder when 2653169 is divided by 5263.
617
What is the remainder when 1679876 is divided by 1620?
1556
Calculate the remainder when 10741992 is divided by 205.
197
Calculate the remainder when 1989310 is divided by 1222.
1116
What is the remainder when 895943 is divided by 246?
11
What is the remainder when 333658 is divided by 2582?
580
Calculate the remainder when 28082350 is divided by 12.
10
Calculate the remainder when 9818516 is divided by 43.
25
What is the remainder when 347370 is divided by 347175?
195
Calculate the remainder when 34861 is divided by 2503.
2322
What is the remainder when 798517 is divided by 99811?
29
Calculate the remainder when 101737 is divided by 250.
237
Calculate the remainder when 1599042 is divided by 140.
102
Calculate the remainder when 14878633 is divided by 34.
29
Calculate the remainder when 28248 is divided by 6906.
624
Calculate the remainder when 1270348 is divided by 1625.
1223
What is the remainder when 11935 is divided by 8696?
3239
Calculate the remainder when 1252907 is divided by 40413.
104
What is the remainder when 94996 is divided by 277?
262
What is the remainder when 664655 is divided by 34?
23
What is the remainder when 2090953 is divided by 58?
53
Calculate the remainder when 51784 is divided by 48035.
3749
What is the remainder when 5822265 is divided by 3478?
93
What is the remainder when 3283727 is divided by 131345?
102
Calculate the remainder when 12551 is divided by 6640.
5911
What is the remainder when 166897 is divided by 636?
265
Calculate the remainder when 210787 is divided by 9571.
225
What is the remainder when 14516403 is divided by 161?
160
What is the remainder when 66213 is divided by 21017?
3162
What is the remainder when 353784 is divided by 117244?
2052
What is the remainder when 5956855 is divided by 22736?
23
Calculate the remainder when 8618769 is divided by 2872919.
12
What is the remainder when 367016 is divided by 549?
284
What is the remainder when 9731332 is divided by 1390190?
2
Calculate the remainder when 613149 is divided by 54930.
8919
Calculate the remainder when 97587652 is divided by 114.
4
What is the remainder when 287185 is divided by 9?
4
What is the remainder when 2040596 is divided by 510128?
84
Calculate the remainder when 981159 is divided by 95.
94
Calculate the remainder when 152153 is divided by 418.
1
What is the remainder when 4842206 is divided by 171?
170
Calculate the remainder when 894236 is d